13 = k*i - 7. Suppose -3*a - u + 31 = 0, -a - 3*u + j = 3. Does 5 divide a?
False
Suppose -47*c = -55*c + 13120. Is 5 a factor of ((-6)/(-14) - c/(-28))/1?
False
Suppose 5*m - 283 = -3*t, m + 0*m = 5*t - 453. Is 24 a factor of t?
False
Let w = 0 + 0. Suppose w = 5*h - 22 + 97. Let y(j) = -4*j - 8. Is 26 a factor of y(h)?
True
Suppose 4*s + 2*s - 222 = 0. Let n = 70 - s. Is 3 a factor of n?
True
Let m(l) be the first derivative of -17*l**2/2 - l - 12. Is 11 a factor of m(-2)?
True
Let v be 8/(-10)*(1 + -11). Suppose 0 = 3*u - u - v. Suppose u*z + 4 = 0, -5*w - 3 = -2*z - 20. Does 3 divide w?
True
Let v(w) = 6*w**3 + 4*w**2 + 3*w - 18. Is 3 a factor of v(4)?
False
Is 6 a factor of (-62)/((1 - 240/39) + 5)?
False
Suppose -81 = -5*u + 4*c + 248, 4*u - 261 = c. Is u a multiple of 4?
False
Let a(r) = 45*r**2 - 35*r + 184. Is 58 a factor of a(8)?
True
Let c = -165 - -479. Is c a multiple of 4?
False
Suppose 766 + 16 = n. Is 34 a factor of n?
True
Let u(f) be the first derivative of -7*f**4/2 - 2*f**3/3 - f**2 - f + 1. Let n(c) = -13*c + 64. Let h be n(5). Is u(h) a multiple of 3?
False
Suppose -23*j + 20 = -19*j. Let y(z) = 4*z + 27. Does 25 divide y(j)?
False
Let l be (-418)/(-4) + (-16)/(-32). Does 7 divide 424/14 - 30/l?
False
Let l(p) = -29 - 23*p + 9 - 1 + p**3 + 14*p**2. Does 33 divide l(-15)?
True
Let t be (394/5)/((-2)/(-5)). Let k be t/5 + (-48)/(-80). Suppose 4*x + 21 + k = 5*s, -3*s + 31 = -x. Is 9 a factor of s?
True
Let s(g) be the first derivative of -g**2 + 4*g + 147. Let k = -29 + 18. Is 12 a factor of s(k)?
False
Suppose -5*y + 12 = -2*y. Suppose i = -y*i - 2*d, d = 0. Suppose 5*x = -3*n + 377, i*x - 4*x + 305 = -n. Is 11 a factor of x?
False
Let c = 2252 + -2172. Is 20 a factor of c?
True
Is -188 + 185 + 1097/(-2)*-2 a multiple of 18?
False
Suppose -3*i - 3*d - 361 = -8*i, 5*i = 5*d + 355. Let u = 156 - i. Is u a multiple of 11?
False
Suppose 8*m - 5*m = 15, 1754 = 3*z + 4*m. Is 8 a factor of z?
False
Let d = 2187 - 1200. Is d a multiple of 75?
False
Suppose 5*a + 3802 - 16793 = 3*d, 4*a = 4*d + 10388. Is a a multiple of 130?
True
Let p be (-60)/(-2)*(-7)/(-14). Suppose -3*s = 2*s - i - 80, 0 = 3*i - p. Is 10 a factor of s?
False
Let x(k) be the third derivative of k**5/12 + 5*k**4/8 + 2*k**3/3 - 13*k**2 - 2*k. Does 40 divide x(-6)?
False
Let a(z) = -209*z**2 - z. Let q be a(-1). Does 8 divide q/32*(1 - 7)?
False
Let g be (-14)/(-35) + 504/(-10). Let x = g + 201. Suppose l + 4*a = 42, l = 5*l - a - x. Is 19 a factor of l?
True
Suppose -18*z = 17*z - 53235. Does 9 divide z?
True
Let t = -30 + 17. Let s(y) = -y**3 - 13*y**2 - 13*y + 20. Is 21 a factor of s(t)?
True
Let h(z) = -188*z - 78. Is h(-6) a multiple of 14?
True
Suppose 5*c + 4*c - 18 = 0. Suppose 5*x + 151 = c*k, -2*x = -k + 31 + 42. Does 21 divide k?
True
Suppose -5*l + 55 = 6*l. Suppose l*o - 608 = 112. Is 18 a factor of o?
True
Let n = 37 - 24. Let s(d) = -d**2 + 13*d + 5. Let k be s(n). Suppose 5*w - 10 = 3*w, -7 = -4*v + k*w. Is v a multiple of 4?
True
Suppose -503 = -r - 0*r - 2*o, 4*o - 493 = -r. Is r a multiple of 27?
True
Suppose -504 = 8*u - 26*u. Is 3 a factor of u?
False
Suppose t + 96 = -3*t. Let n = 18 - t. Is n a multiple of 7?
True
Suppose -3*j + 9064 = -4*b, -2745 = -2*j + 5*b + 3293. Is 48 a factor of j?
True
Suppose -1 = -q + 2*q. Let x be (-8 - -4)*q/(-2). Does 7 divide -25*-1*x/(-5)?
False
Let r(t) be the second derivative of 3*t**4 - t**3/2 + 3*t**2/2 - 8*t. Is 6 a factor of r(1)?
True
Let j be (-2)/3 + 2/(-6). Let v be 3*j/(-1) + -1. Suppose 4*l - 3*k - 398 = -4*k, 5*l = v*k + 504. Is 20 a factor of l?
True
Let u(o) = 4*o - 5. Let r be u(3). Is 9 a factor of (-2)/3*(-189)/r?
True
Is 2 a factor of 28 + (-3)/9*-9?
False
Suppose -39*n = 52*n - 47229. Is 13 a factor of n?
False
Suppose 0 = 5*w - 5. Let s = w + 29. Is s a multiple of 6?
True
Let x = 337 - 271. Is 6 a factor of x?
True
Let b be -1*87/(3/(-1)). Let i = b + -12. Is 11 a factor of i?
False
Let s(t) be the third derivative of -t**5/60 + t**4/4 - 5*t**3/3 - 6*t**2. Let v be s(4). Is 11 a factor of 2/v + (46 - 1)?
True
Let f(o) = o. Let m be f(3). Suppose -2*r - 2*x + 33 + 5 = 0, -m*r + 57 = 4*x. Does 6 divide r?
False
Let s(u) = u**2 + 3*u + 2. Let y be s(3). Suppose 0*d - y = -5*d. Suppose -180 = -4*k + d*q, -2*q = 4*k - k - 110. Is k a multiple of 8?
True
Suppose -2*d + 5 = -7. Let f(n) = -n**2 - 2*n**2 - 3*n + 2 + 4*n**2. Is 10 a factor of f(d)?
True
Does 20 divide ((-24)/18)/((-2)/450)?
True
Let n = -32 + 14. Suppose -17*y = 6*y - 1058. Let s = n + y. Is s a multiple of 7?
True
Suppose -159 = -t + 3*c, -5*t + 4*t + 143 = 5*c. Is t a multiple of 9?
True
Suppose 0 = -h - s, 5*s + 5 = -5. Suppose 9*x = 5*x + h*z + 1588, -1188 = -3*x + 3*z. Is 18 a factor of x?
False
Suppose -m - 3*b = -0*m - 42, 3*b + 84 = 2*m. Let t = m - 14. Is -1*t/(-8)*8 a multiple of 17?
False
Suppose 4*m - 3396 = 4*p, -4*m + 45*p + 3398 = 40*p. Is 11 a factor of m?
True
Suppose -51 = -12*a + 9*a. Let c(r) = -3*r**2 + 54*r + 33. Does 23 divide c(a)?
False
Let n = 146 + -86. Let s = 10 + n. Is s a multiple of 5?
True
Let o = 1641 - 741. Is o a multiple of 18?
True
Suppose -172 - 38 = -10*o. Is 2 a factor of o?
False
Let v(o) = -o**3 + 22*o**2 - 32*o + 38. Is 9 a factor of v(16)?
True
Let p(q) = -3*q + 2. Let u be p(2). Let i(k) = -14*k + 13. Does 9 divide i(u)?
False
Suppose -y - 5*i + 113 = 0, -2*i - 204 - 160 = -4*y. Suppose -48 - y = -3*t. Does 7 divide t?
False
Suppose 25 = 21*n - 16*n. Suppose 2*b = -n*y + 164, 2*b = 5*b + 2*y - 257. Is 29 a factor of b?
True
Suppose -507*m + 500*m = -609. Suppose 0 = -2*n - 3*n - 10, -3*n = -k + 50. Let s = m - k. Is s a multiple of 15?
False
Suppose 5*g = -k + 28, -2*k = -3*k + g + 16. Does 3 divide k?
True
Let z be (-1 - -8) + -16 + 12. Suppose z*l - 2*c + 4*c = 79, 0 = -c + 2. Suppose -22*m + l = -21*m. Is 16 a factor of m?
False
Let m(x) = x**3 + 6*x**2 + 4*x - 6. Let a be m(-5). Let k be (0 - 0)/(a + 2). Suppose 76 = 4*f - k*f. Is f a multiple of 14?
False
Let m(a) = -5*a**3 + a**2 - 2*a - 6. Suppose -10*o = 3*o + 26. Does 14 divide m(o)?
True
Let g(i) be the second derivative of -i**5/20 + 2*i**4/3 + 2*i**3/3 - 5*i**2/2 + 12*i. Is g(7) a multiple of 12?
True
Is 3 a factor of 4 + 6/21 + (-4645)/(-35)?
False
Let s(l) = -l**3 + 3*l**2 + 7*l - 7. Let g be -1 - -1 - (12 - 8). Let y(i) = -i**3 + 2*i**2 + 6*i - 6. Let m(d) = g*s(d) + 5*y(d). Is 5 a factor of m(-4)?
False
Let a = 3 - -2. Suppose -100 = -a*m - 4*i, -m + 4*m = i + 60. Is m a multiple of 13?
False
Suppose 38*z - 26087 = 9519. Does 66 divide z?
False
Suppose 1650 = -44*w + 50*w. Is 55 a factor of w?
True
Suppose 0 = 4*z - 4*w - 8416, -973 + 7289 = 3*z + w. Does 29 divide z?
False
Let p be 92/9 - 16/72. Suppose 0 = 5*t - 3*x - p, 0*t + x = t - 2. Suppose 0 = t*w + 5*d - 146, 2*d - 4*d = 3*w - 241. Is 14 a factor of w?
False
Let n be (-1 - (2 - 4))*174. Suppose -5*v = -v - 32. Is n/8 - v/(-32) a multiple of 6?
False
Is 36 a factor of 21/14*(-6620)/(-15)?
False
Does 16 divide -4 + (0 - 1 - -53)?
True
Let c(y) = -y**3 + 5*y**2 - 5*y + 10. Let p = 3 - -2. Let l be c(p). Let w = 42 + l. Is w a multiple of 11?
False
Suppose 0 = 3*k - 0*k - 2*s + 12, 4*k - 4 = -4*s. Does 4 divide (-20)/(-30)*(-63)/k?
False
Let g = -2 - -23. Suppose -g = -5*y + 24. Suppose 0*q = 3*q - y. Is q a multiple of 3?
True
Let v(m) = -50*m - 13. Let k(a) = 49*a + 12. Let h(y) = 5*k(y) + 4*v(y). Let w be h(4). Suppose 5*u = w - 3. Does 11 divide u?
False
Suppose -76 = 2*r - 956. Is r a multiple of 40?
True
Suppose 0 = -5*c + 2*m + 288, 5*m - 33 - 59 = -2*c. Does 7 divide c?
True
Is 114939/33 + 3/(-6)*-10 a multiple of 56?
False
Suppose 19*h - 17677 + 5555 = 0. Does 22 divide h?
True
Suppose a - 16 - 18 = -4*z, -5*z + 11 = -a. Let i(r) = r**2 - 16*r + 44. Does 16 divide i(a)?
True
Suppose 0 = -11*s + 157 - 14. Suppose s*z - 220 = 12*z. Does 11 divide z?
True
Let b(n) = 7*n**2 - n + 2. Let k be b(-2). Suppose 6*f + k = -4*d + 2*f, 0 = d + 2*f + 13. Is 26 - d/(15/(-10)) a multiple of 6?
True
Suppose 9*n - 180 = 216. Suppose -n*f + 420 = -39*f. Is 6 a factor of f?
True
Suppose 0*b + 5*b - 85 = 0. Suppose -b = -z + 1. Suppose z = h - 10. Is 21 a factor of h?
False
Let d = 82 + 4. Suppose 179 = 5*z - 2*l, -2*z + 4*l = -4*z + d. Is z a multiple of 5?
False
Suppos